ose o - 8 = -3. Let u = o + -17. Let l = u + 19. What is the units digit of l?
7
Let d(s) = 2*s**3 - 2*s**2 - 11*s - 15. Let t(c) = c**3 - c**2 - 5*c - 8. Let r(i) = 6*d(i) - 13*t(i). What is the tens digit of r(0)?
1
Let b = -1 + 7. Suppose 0 = -3*i + 6*j - j + 2, 3*j = b. What is the units digit of i?
4
Suppose -2*d = -y + 85, 5*y + 5*d = 134 + 246. What is the tens digit of y?
7
Let o(z) = z - 7. Let y be o(8). Let h(i) = -i + 2. What is the units digit of h(y)?
1
Let h = -189 + 305. What is the units digit of h?
6
Let b(o) = -o**2 + 5. Let v be b(0). Suppose 57 = v*s - t - 6, -3*t + 19 = s. What is the units digit of s?
3
What is the units digit of (21/(-6) - -3)*-2*169?
9
Let l(i) = 3 - i - i - 2*i. Let y be l(-6). Let k = y - 18. What is the units digit of k?
9
Suppose o - 25 = -3*a, -252 = -5*o + 5*a - 47. What is the tens digit of o?
3
What is the units digit of (9/3 + -2)/1?
1
Suppose -4*m - m = -25. What is the units digit of m?
5
Suppose -5*q = 3*i - 8*i - 385, -77 = -q + 3*i. What is the units digit of q?
7
Suppose 2 = 3*g - 4*g. What is the units digit of (3/g)/((-6)/136)?
4
Let q be (0 - -6) + -2 + 2. Let j be ((-4)/q)/(5/(-75)). Suppose 2*k = -j, 4*k = 2*i - 0 - 24. What is the units digit of i?
2
Let n(s) = 0*s - 1 - 5 + 0*s - 2*s. Let y be n(-5). Suppose y*q = 48 - 8. What is the tens digit of q?
1
Let v = -137 - -309. What is the units digit of v?
2
Suppose 0*o + 5*o = -2*x + 4, -16 = -5*o + 2*x. Suppose -3*m = g - 4, 3*m + 2 + 24 = o*g. What is the units digit of g?
0
Let u(a) = 14*a - 5. What is the units digit of u(6)?
9
Let t = -66 + 128. What is the units digit of t?
2
Let k = 129 + -66. What is the tens digit of k?
6
Let v(d) = d**3 + 6*d**2 - 4*d - 2. What is the tens digit of v(-6)?
2
Suppose 103 = 2*x + 33. What is the units digit of x?
5
Suppose 0 = 14*y - 10*y - 672. What is the tens digit of y?
6
Let s(v) = -10 + 2*v - v**3 + 6*v**2 + 5*v**2 - 3*v**2. Let x be s(8). What is the units digit of ((-3)/x)/(1/(-4))?
2
What is the units digit of 5327/49 - (-3)/21*2?
9
Suppose 3*d = -d + 28. Let a = d - 2. Suppose -49 = -a*r - 4. What is the units digit of r?
9
Suppose -2*c - 4*b - 4 = 8, -5*c - 14 = 2*b. What is the units digit of (-18 + 4)*1/c?
7
Let r(i) = i**2 + 3*i - 7. Let g be r(-7). Let f = -15 + g. What is the units digit of f?
6
Let n(f) = 2*f**2 - 21*f. What is the hundreds digit of n(16)?
1
Let t(d) = 8*d**3 + d**2. Let b be t(-1). Let y = b + 27. What is the units digit of y?
0
Suppose 11 + 1 = 2*x. Suppose 5*j + 30 = 3*o, -j + 3*o = -x*j - 30. Let h = j + 8. What is the units digit of h?
2
Suppose 0*h + 2 = h. Let d(z) = -2 + 1 - 6 + 1 - h*z. What is the tens digit of d(-11)?
1
Suppose -68 = -5*s + 3*h + 142, -4*s - 3*h + 168 = 0. Let m = s - 29. What is the tens digit of m?
1
Let s(a) = -11*a - 6. What is the tens digit of s(-4)?
3
Let u(q) = q - 6. Let l be u(5). Suppose -4*a - 17 = -y, -a = -0*a - y + 8. What is the units digit of 2/a*-15 + l?
9
Suppose -2*h + 1 = -5. Suppose g = -h*x + 23, -5*g - 2*x = -27 - 36. What is the units digit of g?
1
Let d(y) = 8*y + 10. Let z be d(-3). Let o = z - -18. What is the units digit of o?
4
Suppose 8*p + 268 - 1932 = 0. Suppose -4*t + p = 4*h, 0 = -5*h + h + 3*t + 194. What is the tens digit of h?
5
Let q be (-1)/(8/4 - 3). Suppose 4*b = 69 - q. What is the units digit of b?
7
Let s = -3 - -14. What is the units digit of s?
1
Let z = 35 + -21. Suppose -4*j = -18 - z. Let f = j + -6. What is the units digit of f?
2
Suppose -5*t - 30 = -5*b, t + 4*b = -0*t + 4. Let m = t - -26. What is the units digit of m?
2
Suppose -5*q + 5 = -0. Suppose 0 = -3*f + 3*d + 24, -2*f - 3*d = -2*d - 13. Let a = q + f. What is the units digit of a?
8
Let t(v) = -v**2 + 5*v - 2. Let y be t(3). Suppose -y*k - 52 = -140. What is the tens digit of k?
2
Suppose 0*m = 2*m - 122. What is the tens digit of m?
6
Suppose -4*v + 5*o = 63 + 202, 0 = -4*v - 5*o - 295. Let a = 98 + v. What is the tens digit of a?
2
Suppose -4*b = x - 119, -5*x - 87 = -2*b - 0*x. Suppose 5*j + 6 = b. What is the units digit of j?
5
Suppose a = 260 - 7. What is the tens digit of a?
5
Let g = -50 + 34. Let i = 22 + g. What is the units digit of i?
6
Suppose 0 = d - 4, 232 = 4*q - 4*d. What is the units digit of q?
2
Suppose -3*b + 195 = 5*p, 10*p - 200 = 5*p - 4*b. What is the tens digit of p?
3
Let k = 583 - 158. What is the units digit of k?
5
What is the tens digit of (0 - 2) + -1 - -35?
3
Let q(l) = l**2 + 6*l + 4. Let x be q(-6). Let o be ((-2)/x)/((-1)/28). What is the units digit of 6/(-21) + 116/o?
8
Let c(q) = -q**3 - 5*q**2 - 3*q - 4. Let w be c(-4). Let i = w - -10. What is the units digit of i?
2
Let j(s) = s**3 + 3*s**2 - 8*s + 2. Let d be j(-6). Let l = 89 + d. What is the tens digit of l?
3
Let z = -4 - -7. Suppose -z*s + 6*t - 3*t = -30, 4 = -t. What is the units digit of s?
6
What is the hundreds digit of 6/(-4) - 942/(-4)?
2
Let g(t) = t. Let x(y) = 2*y - 7. Let c be x(6). Suppose 0 = -2*i - 3*i + c, 0 = -2*u - i + 13. What is the units digit of g(u)?
6
Let d(p) = -2*p**2 - 4*p + 4. Let z be d(4). Let j = -25 - z. What is the units digit of j?
9
Suppose 2*k = -i + 73, -k = -5*i - 0*k + 409. What is the tens digit of i?
8
Let f be -2 - (-1 + -19) - -2. What is the tens digit of 208/f - (-4)/(-10)?
1
Suppose 3*f = -1 + 4. What is the units digit of (5 - f) + 0 + -1?
3
Let i(r) = -4*r. Let g(u) = -u - 16. Let b be g(-7). What is the tens digit of i(b)?
3
Suppose 4*b - 2*f + 16 = -6*f, 0 = -2*f. What is the units digit of (-23)/(-4) + (-1)/b?
6
Let p(d) = -d - 6. Let w be p(-7). Suppose 0*u - w = u + 3*b, -5*b - 67 = -3*u. What is the tens digit of u?
1
Let g be 2/(-8) - 99/(-12). Let h be ((-6)/8)/(g/(-32)). Let b = -1 + h. What is the units digit of b?
2
Let f(s) = s**2 + 4*s + 3. What is the units digit of f(-5)?
8
Let a(m) = -m**2 - m + 1. Let q(v) = 4*v**2 + 6*v - 8. Let y(g) = -5*a(g) - q(g). Suppose 2*r - 10 = -4. What is the units digit of y(r)?
9
Let q be 26/8 - 2/8. Suppose -x - q*t - 7 = -0*x, 16 = 4*x + t. What is the units digit of x?
5
Let c be -1 + 2/(8/20). Suppose c*t = 2*a + 170, 3*t = -a - 0*a + 125. What is the units digit of t?
2
Suppose 0 = 9*w - 4*w - 100. Suppose -2*d + 2*k = 5*k - 5, 2*d - 6 = -2*k. What is the units digit of ((-16)/w)/(d/(-30))?
6
Let u be (-3 - 6/(-2)) + 5. Suppose -5*m - 69 = l + 2, 5 = -u*l. What is the units digit of (-4)/m + (-410)/(-35)?
2
Let u(o) = -o**2 + o. Let v be u(-4). Let y be ((-16)/20)/(2/v). Suppose -y*x + 4*x = -16. What is the units digit of x?
4
Let z(h) = -h**2 + h. Let p be z(0). Suppose -w + 4*w + 3 = p. Let o(c) = -c. What is the units digit of o(w)?
1
Let m be (1 - 1) + -2 - -4. Suppose m + 4 = -3*d - z, 0 = 4*d - z + 8. Let g = d + 6. What is the units digit of g?
4
Let y(r) = -4*r**3 + 1 - 6*r + 1 + 3*r**3 - 7*r**2. Let z be y(-6). Suppose -4 - 18 = -z*d. What is the units digit of d?
1
Let f be (0/1)/(3/1). Let u(i) = i**3 - i + 2. What is the units digit of u(f)?
2
Let k(o) = o**2 + 7*o. Let z = -8 + 4. Let x be k(z). Let f = 22 + x. What is the tens digit of f?
1
Let o = -8 + 56. What is the tens digit of o?
4
Let j = 1 + 1. Suppose 3*t + 4*k = 37, j*t + k = 27 - 4. What is the units digit of t?
1
Let x be (-1 - 0)*(-4 + 2). Suppose -x*l + 5*l = 21. What is the units digit of l?
7
Let t(w) = -w**2 - 15*w - 22. What is the units digit of t(-12)?
4
Let o be (38/(-6))/(4/(-12)). Let h = 31 - o. What is the units digit of h?
2
Suppose 0 = -5*m + 120 + 5. What is the tens digit of m?
2
Let r(i) = -3*i**3 - i**2 + 1. Let a be r(-1). What is the tens digit of (-10)/2*(-6 + a)?
1
Let z = -6 + 10. Suppose 5*j + 7 = -v, -3*v - 11 = 2*j + 3*j. Let m = z + v. What is the units digit of m?
2
Let p(v) = -v**2 - 10*v + 8. What is the tens digit of p(-6)?
3
Let b be (24/10)/(2/10). What is the units digit of 3/b - (-6)/8?
1
Suppose -2*c + 26 + 14 = 0. What is the tens digit of (-1*c - -3)*-1?
1
Suppose -5*y + 174 = 54. What is the tens digit of y?
2
Suppose 5*f = l + 163, 4*f - 29 = -3*l + 90. What is the tens digit of f?
3
What is the units digit of 1/1 - 28/(-4)?
8
What is the tens digit of (-85)/(-5) + -1 + 3?
1
Let m be (21/14)/((-3)/16). Let w be 100/6 - (-4)/(-6). Let j = w + m. What is the units digit of j?
8
Let x(t) = -t**3 - 11*t**2 - 1